{"id":241,"date":"2018-08-07T11:37:09","date_gmt":"2018-08-07T11:37:09","guid":{"rendered":"http:\/\/smallbiz\/?page_id=11"},"modified":"2026-01-27T14:32:23","modified_gmt":"2026-01-27T13:32:23","slug":"home","status":"publish","type":"page","link":"https:\/\/digitalinnovations.cl\/Web\/","title":{"rendered":"Home"},"content":{"rendered":"\r\n<section class=\"wp-block-group hero alignfull\"><div class=\"wp-block-group__inner-container is-layout-constrained wp-block-group-is-layout-constrained\">\r\n    \r\n    <h1 class=\"wp-block-heading has-text-align-center\">Digital Innovations SpA<\/h1>\r\n    \r\n\r\n    \r\n    <p class=\"has-text-align-center\">Una empresa tecnol\u00f3gica del sur promoviendo el desarrollo local y trabajo hacia el futuro.<\/p>\r\n    \r\n\r\n    \r\n    <div class=\"wp-block-buttons is-content-justification-center is-layout-flex wp-container-core-buttons-is-layout-16018d1d wp-block-buttons-is-layout-flex\">\r\n        \r\n        <div class=\"wp-block-button\"><a class=\"wp-block-button__link wp-element-button\" href=\"#contacto\">\u00bfPreparamos un proyecto?<\/a><\/div>\r\n        \r\n\r\n        \r\n        <div class=\"wp-block-button is-style-outline is-style-outline--1\"><a class=\"wp-block-button__link wp-element-button\" href=\"#tech-stack\">Ver nuestro Tech Stack<\/a><\/div>\r\n        \r\n    <\/div>\r\n    \r\n<\/div><\/section>\r\n\r\n\r\n\r\n<section class=\"wp-block-group section alignfull\" id=\"services\"><div class=\"wp-block-group__inner-container is-layout-constrained wp-block-group-is-layout-constrained\">\r\n    \r\n    <div class=\"wp-block-group\"><div class=\"wp-block-group__inner-container is-layout-constrained wp-block-group-is-layout-constrained\">\r\n        \r\n        <p class=\"has-text-align-center section-subtitle\">Lo que nos apasiona<\/p>\r\n        \r\n        \r\n        \r\n        <h2 class=\"wp-block-heading has-text-align-center\">Nuestras Soluciones<\/h2>\r\n        \r\n\r\n        \r\n        <div class=\"wp-block-columns services-grid is-layout-flex wp-container-core-columns-is-layout-9d6595d7 wp-block-columns-is-layout-flex\">\r\n            \r\n            <div class=\"wp-block-column service-card is-layout-flow wp-block-column-is-layout-flow\">\r\n                \r\n                <h3 class=\"wp-block-heading\">Desarrollo de Aplicaciones a la Medida<\/h3>\r\n                \r\n                \r\n                <p>Ingenier\u00eda de software de alta disponibilidad dise\u00f1ada para escalar. Transformamos procesos complejos en ecosistemas digitales eficientes y seguros.<\/p>\r\n                \r\n                \r\n                <ul class=\"wp-block-list\">\r\n                    <li>Stack Moderno: Desarrollo nativo en .NET 8, Java 21 y Angular 19.<\/li>\r\n                    <li>Arquitectura Enterprise: Sistemas robustos basados en microservicios.<\/li>\r\n                    <li>Calidad Garantizada: Clean Code y est\u00e1ndares OWASP.<\/li>\r\n                <\/ul>\r\n                \r\n            <\/div>\r\n            \r\n\r\n            \r\n            <div class=\"wp-block-column service-card is-layout-flow wp-block-column-is-layout-flow\">\r\n                \r\n                <h3 class=\"wp-block-heading\">Equipo de Desarrollo Dedicado<\/h3>\r\n                \r\n                \r\n                <p>C\u00e9lulas \u00e1giles lideradas por expertos. Integramos talento t\u00e9cnico senior con metodolog\u00edas que garantizan entregas constantes de valor.<\/p>\r\n                \r\n                \r\n                <ul class=\"wp-block-list\">\r\n                    <li>Liderazgo T\u00e9cnico (TL): Gesti\u00f3n experta para asegurar la excelencia.<\/li>\r\n                    <li>Agilidad Real: Frameworks SAFe y Scrum.<\/li>\r\n                    <li>Visi\u00f3n Regional: Experiencia en Chile, Colombia y Per\u00fa.<\/li>\r\n                <\/ul>\r\n                \r\n            <\/div>\r\n            \r\n\r\n            \r\n            <div class=\"wp-block-column service-card is-layout-flow wp-block-column-is-layout-flow\">\r\n                \r\n                <h3 class=\"wp-block-heading\">Servicios de Consultor\u00eda Tecnol\u00f3gica<\/h3>\r\n                \r\n                \r\n                <p>Asesor\u00eda estrat\u00e9gica en arquitectura y transformaci\u00f3n digital. Resolvemos desaf\u00edos t\u00e9cnicos cr\u00edticos antes de que se conviertan en problemas.<\/p>\r\n                \r\n                \r\n                <ul class=\"wp-block-list\">\r\n                    <li>Modernizaci\u00f3n Cloud Native: Estrategias en Azure, GCP y AWS.<\/li>\r\n                    <li>Auditor\u00eda y Seguridad: Evaluaci\u00f3n de compliance t\u00e9cnico.<\/li>\r\n                    <li>Optimizaci\u00f3n de Procesos: Automatizaci\u00f3n CI\/CD.<\/li>\r\n                <\/ul>\r\n                \r\n            <\/div>\r\n            \r\n        <\/div>\r\n        \r\n    <\/div><\/div>\r\n    \r\n<\/div><\/section>\r\n\r\n\r\n\r\n<section class=\"wp-block-group section bg-light alignfull\" id=\"philosophy\"><div class=\"wp-block-group__inner-container is-layout-constrained wp-block-group-is-layout-constrained\">\r\n    \r\n    <div class=\"wp-block-columns philosophy-wrap is-layout-flex wp-container-core-columns-is-layout-9d6595d7 wp-block-columns-is-layout-flex\">\r\n        \r\n        <div class=\"wp-block-column is-layout-flow wp-block-column-is-layout-flow\">\r\n             \r\n            <p class=\"section-subtitle\">Nuestra Filosof\u00eda<\/p>\r\n            \r\n            \r\n            <h2 class=\"wp-block-heading\">Arquitectura de Clase Mundial desde el Sur de Chile<\/h2>\r\n            \r\n            \r\n            <p>No solo escribimos c\u00f3digo, dise\u00f1amos el futuro de su infraestructura digital. Con m\u00e1s de 16 a\u00f1os liderando proyectos en sectores cr\u00edticos como Aeron\u00e1utica y Banca, en Digital Innovations SpA aplicamos ingenier\u00eda de precisi\u00f3n para que su tecnolog\u00eda nunca sea un l\u00edmite, sino su mayor ventaja competitiva.<\/p>\r\n            \r\n            \r\n            \r\n            <div class=\"wp-block-columns leadership-grid is-layout-flex wp-container-core-columns-is-layout-9d6595d7 wp-block-columns-is-layout-flex\">\r\n                \r\n                <div class=\"wp-block-column leader-card is-layout-flow wp-block-column-is-layout-flow\">\r\n                    \r\n                    <h4 class=\"wp-block-heading\">Certificaci\u00f3n SAFe\u00ae<\/h4>\r\n                    \r\n                    \r\n                    <p class=\"has-text-color has-small-font-size\" style=\"color:var(--primary);text-transform:uppercase;font-weight:600\">Agile Methodology<\/p>\r\n                    \r\n                    \r\n                    <p>Gesti\u00f3n de proyectos bajo est\u00e1ndares empresariales escalables.<\/p>\r\n                    \r\n                <\/div>\r\n                \r\n                \r\n                <div class=\"wp-block-column leader-card is-layout-flow wp-block-column-is-layout-flow\">\r\n                     \r\n                    <h4 class=\"wp-block-heading\">Docencia Acad\u00e9mica<\/h4>\r\n                    \r\n                    \r\n                    <p class=\"has-text-color has-small-font-size\" style=\"color:var(--primary);text-transform:uppercase;font-weight:600\">AIEP \/ DUOC UC<\/p>\r\n                    \r\n                    \r\n                    <p>Formando a la pr\u00f3xima generaci\u00f3n de ingenieros en Chile.<\/p>\r\n                    \r\n                <\/div>\r\n                \r\n            <\/div>\r\n            \r\n        <\/div>\r\n        \r\n\r\n        \r\n        <div class=\"wp-block-column phil-image is-layout-flow wp-block-column-is-layout-flow\">\r\n            \r\n            <figure class=\"wp-block-image size-large\"><img decoding=\"async\" src=\"https:\/\/images.unsplash.com\/photo-1522071820081-009f0129c71c?ixlib=rb-4.0.3&#038;auto=format&#038;fit=crop&#038;w=800&#038;q=80\" alt=\"Equipo Digital Innovations\"\/><\/figure>\r\n            \r\n        <\/div>\r\n        \r\n    <\/div>\r\n    \r\n<\/div><\/section>\r\n\r\n\r\n\r\n<section class=\"wp-block-group section alignfull\" id=\"tech-stack\"><div class=\"wp-block-group__inner-container is-layout-constrained wp-block-group-is-layout-constrained\">\r\n    \r\n    <p class=\"has-text-align-center section-subtitle\">Tecnolog\u00edas que dominamos<\/p>\r\n    \r\n    \r\n    \r\n    <h2 class=\"wp-block-heading has-text-align-center\">Nuestro Stack Tecnol\u00f3gico<\/h2>\r\n    \r\n\r\n    \r\n    <div class=\"tech-tabs-nav\"><button class=\"tech-tab-btn\" data-target=\"tab-backend_core\">Backend &#038; Core<\/button> <button class=\"tech-tab-btn\" data-target=\"tab-frontend_mobile\">Frontend &#038; Mobile<\/button> <button class=\"tech-tab-btn\" data-target=\"tab-architecture\">Architecture &#038; DevOps<\/button> <button class=\"tech-tab-btn\" data-target=\"tab-cloud\">Cloud Platforms<\/button> <button class=\"tech-tab-btn\" data-target=\"tab-db\">Data &#038; Storage<\/button> <button class=\"tech-tab-btn\" data-target=\"tab-methodology\">Methodologies<\/button> <\/div><div class=\"tech-tabs-content\"><div id=\"tab-backend_core\" class=\"tech-panel\"><div class=\"stack-grid\"><div class=\"stack-item priority-high\">Java 21 \/ 17 \/ 11<\/div><div class=\"stack-item priority-high\">C# \/ .NET 8 \/ Core<\/div><div class=\"stack-item priority-high\">Node.js (NestJS)<\/div><div class=\"stack-item priority-medium\">Kotlin<\/div><div class=\"stack-item priority-medium\">Go (Golang)<\/div><div class=\"stack-item priority-medium\">Python 2\/3<\/div><div class=\"stack-item priority-low\">PHP<\/div><\/div><\/div><div id=\"tab-frontend_mobile\" class=\"tech-panel\"><div class=\"stack-grid\"><div class=\"stack-item priority-high\">Angular 19+<\/div><div class=\"stack-item priority-medium\">VueJS<\/div><div class=\"stack-item priority-medium\">React Native<\/div><div class=\"stack-item priority-medium\">Blazor<\/div><div class=\"stack-item priority-high\">HTML5 \/ TypeScript<\/div><div class=\"stack-item priority-medium\">Tailwind \/ Bootstrap<\/div><\/div><\/div><div id=\"tab-architecture\" class=\"tech-panel\"><div class=\"stack-grid\"><div class=\"stack-item priority-high\">Microservicios<\/div><div class=\"stack-item priority-high\">Docker \/ K8s<\/div><div class=\"stack-item priority-high\">Jenkins \/ GitLab CI<\/div><div class=\"stack-item priority-medium\">Terraform<\/div><div class=\"stack-item priority-high\">OWASP Security<\/div><div class=\"stack-item priority-high\">CI\/CD Pipelines<\/div><\/div><\/div><div id=\"tab-cloud\" class=\"tech-panel\"><div class=\"stack-grid\"><div class=\"stack-item priority-high\">Google Cloud (GCP)<\/div><div class=\"stack-item priority-high\">Microsoft Azure<\/div><div class=\"stack-item priority-medium\">AWS<\/div><div class=\"stack-item priority-medium\">Firebase<\/div><\/div><\/div><div id=\"tab-db\" class=\"tech-panel\"><div class=\"stack-grid\"><div class=\"stack-item priority-high\">PostgreSQL<\/div><div class=\"stack-item priority-high\">BigQuery<\/div><div class=\"stack-item priority-high\">MongoDB<\/div><div class=\"stack-item priority-high\">SQL Server<\/div><div class=\"stack-item priority-medium\">Oracle DB<\/div><div class=\"stack-item priority-medium\">MySQL<\/div><\/div><\/div><div id=\"tab-methodology\" class=\"tech-panel\"><div class=\"stack-grid\"><div class=\"stack-item priority-high\">SAFe Agile<\/div><div class=\"stack-item priority-high\">Scrum \/ Kanban<\/div><div class=\"stack-item priority-high\">Clean Architecture<\/div><div class=\"stack-item priority-high\">Design Patterns<\/div><\/div><\/div><\/div>\r\n    \r\n<\/div><\/section>\r\n\r\n\r\n\r\n<section class=\"wp-block-group section bg-light alignfull\" id=\"work\"><div class=\"wp-block-group__inner-container is-layout-constrained wp-block-group-is-layout-constrained\">\r\n    \r\n    <h2 class=\"wp-block-heading has-text-align-center\">Impacto Real<\/h2>\r\n    \r\n\r\n    \r\n    <div class=\"wp-block-columns success-grid is-layout-flex wp-container-core-columns-is-layout-9d6595d7 wp-block-columns-is-layout-flex\">\r\n        \r\n        <div class=\"wp-block-column success-item is-layout-flow wp-block-column-is-layout-flow\">\r\n            \r\n            <h3 class=\"wp-block-heading\">Escalabilidad en la Nube<\/h3>\r\n            \r\n            \r\n            <p>Dise\u00f1o de arquitectura para soportar +4k usuarios concurrentes en entornos cr\u00edticos.<\/p>\r\n            \r\n        <\/div>\r\n        \r\n        \r\n        <div class=\"wp-block-column success-item is-layout-flow wp-block-column-is-layout-flow\">\r\n            \r\n            <h3 class=\"wp-block-heading\">Eficiencia Operativa<\/h3>\r\n            \r\n            \r\n            <p>Reducci\u00f3n del 40% en tiempos de despliegue mediante automatizaci\u00f3n avanzada de CI\/CD.<\/p>\r\n            \r\n        <\/div>\r\n        \r\n        \r\n        <div class=\"wp-block-column success-item is-layout-flow wp-block-column-is-layout-flow\">\r\n            \r\n            <h3 class=\"wp-block-heading\">Seguridad Bancaria<\/h3>\r\n            \r\n            \r\n            <p>Implementaci\u00f3n de est\u00e1ndares OWASP en plataformas transaccionales de alto volumen.<\/p>\r\n            \r\n        <\/div>\r\n        \r\n    <\/div>\r\n    \r\n<\/div><\/section>\r\n\r\n\r\n\r\n<section class=\"wp-block-group section contact-section alignfull\" id=\"contact\"><div class=\"wp-block-group__inner-container is-layout-constrained wp-block-group-is-layout-constrained\">\r\n    \r\n    <h2 class=\"wp-block-heading has-text-align-center has-text-color\" style=\"color:#ffffff\">Pong\u00e1monos en contacto<\/h2>\r\n    \r\n    \r\n    <p class=\"has-text-align-center has-text-color\" style=\"color:#ffffff\">Nos encantar\u00eda saber de ti y c\u00f3mo podemos ayudarte.<\/p>\r\n    \r\n\r\n    \r\n    <form class=\"contact-form\" action=\"#\" method=\"post\">\r\n        <div class=\"form-group\"><label>Nombre<\/label><input type=\"text\" placeholder=\"Tu nombre\"><\/div>\r\n        <div class=\"form-group\"><label>Email<\/label><input type=\"email\" placeholder=\"tucorreo@empresa.com\"><\/div>\r\n        <div class=\"form-group\"><label>Mensaje<\/label><textarea rows=\"4\" placeholder=\"\u00bfEn qu\u00e9 podemos ayudarte?\"><\/textarea><\/div>\r\n        <button type=\"submit\">ENVIAR MENSAJE<\/button>\r\n    <\/form>\r\n    \r\n<\/div><\/section>\r\n\r\n","protected":false},"excerpt":{"rendered":"<p>Digital Innovations SpA Una empresa tecnol\u00f3gica del sur promoviendo el desarrollo local y trabajo hacia el futuro. Lo que nos apasiona Nuestras Soluciones Desarrollo de Aplicaciones a la Medida Ingenier\u00eda de software de alta disponibilidad dise\u00f1ada para escalar. Transformamos procesos complejos en ecosistemas digitales eficientes y seguros. Stack Moderno: Desarrollo nativo en .NET 8, Java [&hellip;]<\/p>\n","protected":false},"author":1,"featured_media":0,"parent":0,"menu_order":0,"comment_status":"closed","ping_status":"closed","template":"","meta":{"footnotes":""},"class_list":["post-241","page","type-page","status-publish","hentry"],"_links":{"self":[{"href":"https:\/\/digitalinnovations.cl\/Web\/wp-json\/wp\/v2\/pages\/241","targetHints":{"allow":["GET"]}}],"collection":[{"href":"https:\/\/digitalinnovations.cl\/Web\/wp-json\/wp\/v2\/pages"}],"about":[{"href":"https:\/\/digitalinnovations.cl\/Web\/wp-json\/wp\/v2\/types\/page"}],"author":[{"embeddable":true,"href":"https:\/\/digitalinnovations.cl\/Web\/wp-json\/wp\/v2\/users\/1"}],"replies":[{"embeddable":true,"href":"https:\/\/digitalinnovations.cl\/Web\/wp-json\/wp\/v2\/comments?post=241"}],"version-history":[{"count":4,"href":"https:\/\/digitalinnovations.cl\/Web\/wp-json\/wp\/v2\/pages\/241\/revisions"}],"predecessor-version":[{"id":772,"href":"https:\/\/digitalinnovations.cl\/Web\/wp-json\/wp\/v2\/pages\/241\/revisions\/772"}],"wp:attachment":[{"href":"https:\/\/digitalinnovations.cl\/Web\/wp-json\/wp\/v2\/media?parent=241"}],"curies":[{"name":"wp","href":"https:\/\/api.w.org\/{rel}","templated":true}]}}